{"id":6058,"date":"2017-01-08T16:24:02","date_gmt":"2017-01-08T13:24:02","guid":{"rendered":"https:\/\/www.karadere.com\/blog\/?page_id=6058"},"modified":"2022-02-14T16:08:10","modified_gmt":"2022-02-14T13:08:10","slug":"nicin-blog-yazmaya-basladim","status":"publish","type":"page","link":"https:\/\/www.karadere.com\/blog\/hakkinda\/nicin-blog-yazmaya-basladim","title":{"rendered":"Ni\u00e7in Blog Yazmaya Ba\u015flad\u0131m ?"},"content":{"rendered":"\n<p><strong>Ni\u00e7in Blog Yazmaya Ba\u015flad\u0131m ?&nbsp;<\/strong><\/p>\n\n\n\n<p>Merhabalar,<\/p>\n\n\n\n<p><strong>Blog<\/strong> sayfamda neden yazd\u0131\u011f\u0131m\u0131 sizlere anlatmaya \u00e7al\u0131\u015faca\u011f\u0131m. \u0130lk \u00f6nce <strong>blog nedir? <\/strong>&nbsp;den ba\u015flamak gerekli.<\/p>\n\n\n\n<p><strong>Blog nedir ?&nbsp;<\/strong><\/p>\n\n\n\n<p class=\"has-text-align-left\">Blog t\u00fcrk\u00e7e manas\u0131 ile&nbsp;a\u011f g\u00fcnl\u00fc\u011f\u00fc anlam\u0131na gelen internet terminolojisin de bir teknik terimdir. \u0130lk okul y\u0131llar\u0131n da yazd\u0131\u011f\u0131m\u0131z ve hala devam ettiren ki\u015filerin g\u00fcnl\u00fck tuttu\u011funu biliriz, belli periyotlarda yada ciddi her g\u00fcn hayat\u0131n\u0131 yazan insanlar,&nbsp;illaki olmu\u015ftur. \u0130\u015fte blog da bunun internette (web) olan teknolojik websitesi hali gibi ba\u015flad\u0131 sonra farkl\u0131 ama\u00e7lar i\u00e7in kullan\u0131lmaya ba\u015fland\u0131. \u0130nternet sitelerinin birden fazla kurulma ve i\u00e7erik bak\u0131m\u0131ndan farkl\u0131l\u0131klar\u0131 vard\u0131r. Bir haber sitesinin yap\u0131s\u0131n\u0131 d\u00fc\u015f\u00fcn\u00fcn, bir \u015firket tan\u0131t\u0131m veya \u00fcnl\u00fc bir ki\u015finin resmi web sitesi gibi bir \u00e7ok \u00f6rnek m\u00fcmk\u00fcn blog daki mant\u0131k ise bir yaz\u0131y\u0131 ar\u015fivlemesi yaz\u0131ld\u0131k\u00e7a tarih tarih, ge\u00e7mi\u015fe do\u011fru gidilmesi. g\u00fcnl\u00fc\u011f\u00fcn sayfalar\u0131n\u0131n geriye \u00e7evirmek gibi d\u00fc\u015f\u00fcne bilirsiniz. Blog yazmak i\u00e7in haz\u0131r bedava blog servisi veren sosyal hizmet ama\u00e7l\u0131 sitelerde var. <strong>Blogger<\/strong>, <strong>WordPress<\/strong> en pop\u00fcler olanlar\u0131 oldu. Bir ka\u00e7 \u00f6rnek vermek gerekir ise ev han\u0131m\u0131n\u0131n evde , yapt\u0131\u011f\u0131 pasta tariflerini&nbsp;payla\u015ft\u0131\u011f\u0131 bir blog &#8216;nun olma\u0131. \u00c7ok gezen seyahat eden bir ki\u015finin gezdi\u011fi yerleri payla\u015fmas\u0131 ve kendi tecr\u00fcbelerini kaleme alarak aktarmas\u0131, benim gibi teknoloji ve tecr\u00fcbelerini not almak i\u00e7in ba\u015flayanlar, Haber blog lar\u0131, siyaset gibi konular\u0131 ele alan bloglar vs. bir \u00e7ok \u00f6rnek m\u00fcmk\u00fcn. San\u0131r\u0131m blog nedir &#8216;i anlad\u0131k.<\/p>\n\n\n\n<p class=\"has-text-align-left\"><strong>Burhan KARADERE Neden &nbsp;Yaz\u0131yor ? Nas\u0131l Ba\u015flad\u0131 ?<\/strong><\/p>\n\n\n\n<p class=\"has-text-align-left\">Blog i\u015fi 2005 y\u0131llar\u0131nda pop\u00fcler oldu, bizim milletin abi blog &#8216;un yok mu gaz\u0131 ile ba\u015flamad\u0131m a\u00e7\u0131k\u00e7as\u0131. \u0130\u015fim gere\u011fi bir \u00e7ok konuda teknolojik ara\u015ft\u0131rmalar yap\u0131p makaleler okumak zorunda kald\u0131\u011f\u0131mda daha \u00f6nceki, zaman dilimlerinde (aylar, y\u0131llar \u00f6nce olabilir) fark ettim ki daha \u00f6nce \u00e7\u00f6z\u00fcm\u00fcn\u00fc buldu\u011fum bir konu yine kar\u015f\u0131ma \u00e7\u0131k\u0131nca, yine ayn\u0131 zaman\u0131 (eforu) harc\u0131yorum ve gereksiz zaman kayb\u0131 \u00e7\u00fcnk\u00fc bu kadar bir kerelik veya birden fazla kez kullan\u0131lacak bilgili ak\u0131lda tutmak \u00e7\u00f6p i\u015fi, bazen konu prosed\u00fcrsel ve \u00e7ok teknik detayda olabiliyor ad\u0131m ad\u0131m yap\u0131lan i\u015flemler vs. Dedim ki bir <strong>Blog<\/strong> kuray\u0131m, o i\u015fi yapar iken blog da notunu alay\u0131m sonra yine ayn\u0131 \u015feye ihtiyac\u0131m olursa kendi blog &#8216;um da nokta at\u0131\u015f\u0131, bir \u00f6nceki \u00e7\u00f6zm\u00fcm\u00fc m\u00fc veya bilgime eri\u015feyim. \u0130\u015fte b\u00f6yle ba\u015flad\u0131k, ilk blog &#8216;um bana \u00f6zel internet&#8217; e yani herkese a\u00e7\u0131k de\u011fildi dedim ki ayn\u0131 sorun ile kar\u015f\u0131la\u015fanlar benim \u00e7\u00f6z\u00fcmlerim den faydalans\u0131n payla\u015f\u0131mc\u0131 olal\u0131m ve genele a\u00e7t\u0131m (yani internete herkese a\u00e7t\u0131m) i\u015fte b\u00f6yle ba\u015flad\u0131 birde tecr\u00fcbelerimi aktarmak i\u00e7in teknolojik incelemelerimi ve kullan\u0131m deneyimlerimi de payla\u015fmay\u0131 ekledim.<\/p>\n\n\n\n<p>\u015eimdi pop\u00fcler olan bir terimde <strong>VBlog<\/strong> yani Video <strong>Blog<\/strong> genelde youtube da bir kanal a\u00e7\u0131p g\u00fcnl\u00fck ya\u015fam yada bir \u00fcr\u00fcn incelemesi gibi videolar ile trend topik olmaya \u00e7al\u0131\u015fan bu i\u015ften reklam getirileri ile para kazanmay\u0131 ama\u00e7layan i\u015f haline getiren ki\u015filer mevcut. Neden abi trend <strong>VBlog<\/strong> sen blog da kald\u0131n diyenlere cevab\u0131m bir <strong>blog<\/strong> y\u00f6netmek ile <strong>VBlog<\/strong> y\u00f6netmek aras\u0131nda ciddi i\u015f y\u00fck\u00fc var video \u00e7ekimi ve d\u00fczenlemesi &nbsp;haz\u0131rlamas\u0131 ve en \u00f6nemlisi y\u00fcklemesi ciddi zaman al\u0131yor g\u00fcnler al\u0131yor insan\u0131n ciddi manada b\u00fct\u00fcn i\u015fi bu olmal\u0131 yani hayat\u0131n\u0131 idame ettirecek maddi durumu sa\u011flayanlar\u0131n zaten i\u015fi olmu\u015f durumda.<\/p>\n\n\n\n<p><strong>Bu blog&#8217;da neler bulabilir siniz ?&nbsp;<\/strong><\/p>\n\n\n\n<p>G\u00fcndelik ya\u015fam\u0131m da veya i\u015f hayat\u0131n da i\u015flerimde kar\u015f\u0131la\u015ft\u0131\u011f\u0131m teknolojik konular\u0131n tecr\u00fcbelerin payla\u015f\u0131mlar\u0131n\u0131 bulabilirsiniz. Bir birlerinden \u00e7ok alakas\u0131z konular hakk\u0131n da not almay\u0131 d\u00fc\u015f\u00fcnd\u00fc\u011f\u00fcm yaz\u0131lar\u0131 i\u00e7ermektedir.&nbsp; Tamamen belirli bir stratejisi takvimi olmayan s\u0131rad\u0131\u015f\u0131 geli\u015fen olaylar zincilerini bar\u0131nd\u0131rabilir.<\/p>\n\n\n\n<p>Bir bakm\u0131\u015fs\u0131n\u0131z bir modemin yaz\u0131l\u0131m\u0131 nas\u0131l g\u00fcncelleniyor. Bir bakm\u0131\u015fs\u0131n\u0131z benim ilgimi \u00e7eken yeni bir teknoloji haberini, siz de\u011ferli okuyucular ile payla\u015fma ihtiyac\u0131 duydu\u011fum da (zaman\u0131m oldu\u011funda daha do\u011fru olacak) payla\u015f\u0131 vermi\u015fim. Bazen \u00e7ok detayl\u0131, bazen tek kelime, bazen de sadece bir video olabilir bu yaz\u0131lar\/makaleler .<\/p>\n\n\n\n<p>Yeni \u00e7\u0131kan bir ak\u0131ll\u0131 telefon duyurusuna raslad\u0131\u011f\u0131n\u0131z gibi, k\u00f6t\u00fc bir tecr\u00fcbeye sahip oldu\u011fum bir olay\u0131 ele alan, konu temal\u0131 teknolojik \u00fcr\u00fcn deneyimini \u00e7ok a\u00e7\u0131k ve net hakk\u0131n\u0131 yemeden ele\u015ftirebilirim. Do\u011fru oldu\u011fu ba\u015far\u0131l\u0131 yanlar\u0131n\u0131n hakk\u0131n\u0131 yemeden objektif bir g\u00f6zle yazmaya dikkat edilir bu blog &#8216;da.<\/p>\n\n\n\n<p>Adaletli olmak gerekir ilkelerim de &#8230;.<\/p>\n\n\n\n<p>Yer yer \u00f6nerilerden ve tavsiyelerden ibaret yaz\u0131larda olabilir . Elektri\u011fin s\u00fcreklili\u011fi yoktur arda kesintilerde olabilir (yan\u0131labilirim) garantisi yoktur sadece fikir vermek ama\u00e7l\u0131 yorumlardan ibarettir.<\/p>\n\n\n\n<p>Son karar\u0131 verecek , ki\u015finin kendi arzular\u0131 ve zevklerini bar\u0131nd\u0131ran renkleridir elbet.<\/p>\n\n\n\n<p>Bu blog bazen felsefi edebiyat kokan yaz\u0131larda yazabilir. Hi\u00e7 \u015fa\u015f\u0131rmay\u0131n, de\u011fi\u015fikliklerden farkl\u0131 tarzdaki yaz\u0131lar\u0131n hepsnin d\u00fc\u015f\u00fcncesi ayn\u0131 ki\u015fi yani benim klavyemden \u00e7\u0131kmaktad\u0131r. Evet bu kalvye hi\u00e7 fiziki oalrakta hi\u00e7 de\u011fi\u015fmedi \u00fczerindeki yaz\u0131lar silinse de 15 y\u0131ld\u0131r ayn\u0131 klavye ile yaz\u0131yorum diyebilirim.<\/p>\n\n\n\n<p>Tu\u015flara bas\u0131l\u0131rken, bazen arkada fon m\u00fcz\u00fc\u011fi e\u015flik etse de , ka\u00e7 kez unuttum yazd\u0131klar\u0131m\u0131 bende bilmiyorum. Bir h\u0131zl\u0131 m\u00fczikten, yava\u015f duygusal kokan arka planlar da \u00e7ok \u00e7abuk ge\u00e7i\u015flerim olarabilir. Zaman\u0131n zaman\u0131nda para yapt\u0131\u011f\u0131 y\u0131llar\u0131 ya\u015farken, h\u0131zl\u0131 yazmak gerekiyor ve bu h\u0131zdan harfler bazen bir birine kar\u0131\u015f\u0131yor. Blog da yaz\u0131m hatalar\u0131 mevcuttur vakitsilikten d\u00fczeltmeye ayr\u0131lacak zamana yeni bir payla\u015f\u0131m daha faydal\u0131d\u0131r. \u00c7ok ele\u015ftiri gelsede harf eksiklikleri ve kar\u0131\u015f\u0131kl\u0131klar\u0131 i\u00e7in , gazete de resmi yazd\u0131 de\u011fildir yazd\u0131klar\u0131m sadece g\u00fcnl\u00fck k\u0131vam\u0131nda, do\u011frudur bazen \u00e7izgi olur yazd\u0131klar\u0131m.<\/p>\n","protected":false},"excerpt":{"rendered":"<p>Ni\u00e7in Blog Yazmaya Ba\u015flad\u0131m ?&nbsp; Merhabalar, Blog sayfamda neden yazd\u0131\u011f\u0131m\u0131 sizlere anlatmaya \u00e7al\u0131\u015faca\u011f\u0131m. \u0130lk \u00f6nce blog nedir? &nbsp;den ba\u015flamak gerekli. Blog nedir ?&nbsp; Blog t\u00fcrk\u00e7e manas\u0131 ile&nbsp;a\u011f g\u00fcnl\u00fc\u011f\u00fc anlam\u0131na gelen internet terminolojisin de bir teknik terimdir. \u0130lk okul y\u0131llar\u0131n da yazd\u0131\u011f\u0131m\u0131z ve hala devam ettiren ki\u015filerin g\u00fcnl\u00fck tuttu\u011funu biliriz, belli periyotlarda yada ciddi her g\u00fcn [&hellip;]<\/p>\n","protected":false},"author":1,"featured_media":0,"parent":5,"menu_order":1,"comment_status":"closed","ping_status":"closed","template":"","meta":{"om_disable_all_campaigns":false,"_monsterinsights_skip_tracking":false,"_monsterinsights_sitenote_active":false,"_monsterinsights_sitenote_note":"","_monsterinsights_sitenote_category":0,"_uf_show_specific_survey":0,"_uf_disable_surveys":false,"footnotes":"","_links_to":"","_links_to_target":""},"class_list":["post-6058","page","type-page","status-publish","hentry","has-post-title","has-post-date","has-post-category","has-post-tag","has-post-comment","has-post-author",""],"aioseo_notices":[],"_links":{"self":[{"href":"https:\/\/www.karadere.com\/blog\/wp-json\/wp\/v2\/pages\/6058","targetHints":{"allow":["GET"]}}],"collection":[{"href":"https:\/\/www.karadere.com\/blog\/wp-json\/wp\/v2\/pages"}],"about":[{"href":"https:\/\/www.karadere.com\/blog\/wp-json\/wp\/v2\/types\/page"}],"author":[{"embeddable":true,"href":"https:\/\/www.karadere.com\/blog\/wp-json\/wp\/v2\/users\/1"}],"replies":[{"embeddable":true,"href":"https:\/\/www.karadere.com\/blog\/wp-json\/wp\/v2\/comments?post=6058"}],"version-history":[{"count":8,"href":"https:\/\/www.karadere.com\/blog\/wp-json\/wp\/v2\/pages\/6058\/revisions"}],"predecessor-version":[{"id":7812,"href":"https:\/\/www.karadere.com\/blog\/wp-json\/wp\/v2\/pages\/6058\/revisions\/7812"}],"up":[{"embeddable":true,"href":"https:\/\/www.karadere.com\/blog\/wp-json\/wp\/v2\/pages\/5"}],"wp:attachment":[{"href":"https:\/\/www.karadere.com\/blog\/wp-json\/wp\/v2\/media?parent=6058"}],"curies":[{"name":"wp","href":"https:\/\/api.w.org\/{rel}","templated":true}]}}