{"id":2649,"date":"2013-07-11T10:03:14","date_gmt":"2013-07-11T08:03:14","guid":{"rendered":"http:\/\/www.karadere.com\/blog\/?page_id=2649"},"modified":"2022-02-01T14:55:34","modified_gmt":"2022-02-01T11:55:34","slug":"hayati","status":"publish","type":"page","link":"https:\/\/www.karadere.com\/blog\/hakkinda\/hayati","title":{"rendered":"Biyografi"},"content":{"rendered":"\n<div class=\"wp-block-image\"><figure class=\"alignleft is-resized\"><img loading=\"lazy\" decoding=\"async\" src=\"https:\/\/lh3.googleusercontent.com\/-nfFtLhuf5sc\/W6oMboCDS8I\/AAAAAAAAEtE\/UBw3bZHItVMALDV1h8lHd2IV0nAHK8YigCJoC\/w530-h530-n-rw\/bkk2.jpg\" alt=\"KARADERE\" width=\"232\" height=\"232\" title=\"Burhan KARADERE\"\/><\/figure><\/div>\n\n\n\n<p><strong>1982<\/strong> y\u0131l\u0131nda \u0130stanbul &#8216;un nacizane semtlerinden olan <strong>Fatih<\/strong> , Cerrah Pa\u015fa T\u0131p Fak\u00fclte&#8217; sinde ak\u015fama do\u011fru 16:05 sular\u0131nda do\u011fdum. Uzun s\u00fcre <strong>Fatih<\/strong> <strong>Karag\u00fcmr\u00fck&#8217;te<\/strong> ikamet ettim. (1982-2000) ilk ve orta \u00f6\u011fretimini <strong>Atikali<\/strong> ve<strong> H\u0131rka-i \u015eerif \u0130lk \u00d6\u011fretim<\/strong> okullar\u0131nda tamamlad\u0131m.<\/p>\n\n\n\n<p>Do\u011fma b\u00fcy\u00fcme <strong>KARAG\u00dcMR\u00dcK<\/strong> l\u00fcy\u00fcm diyebiliriz..&nbsp; Tuttu\u011fum tak\u0131m \u015fampiyon <strong>FENERBAH\u00c7E &nbsp;<\/strong>\ud83d\ude42 dir.<\/p>\n\n\n\n<p><code>H<\/code>er \u015fey deneme yan\u0131lma y\u00f6ntemiyle ba\u015flam\u0131\u015ft\u0131 1.5 volt pillerle elektri\u011fi yeniden icat etmekle ba\u015fl\u0131yordu ve ne kadar s\u00fcrecekti ben de bilmiyordum.Asl\u0131nda merak etmek ve incelemekti i\u015fin \u00f6z\u00fcnde olan. \u00c7ocukluk y\u0131llar\u0131nda bir \u00e7ok amat\u00f6r elektrik projeleri yapt\u0131m. Ve hi\u00e7 bir oyunca\u011f\u0131m fabrikadan \u00e7\u0131kt\u0131\u011f\u0131 hali ile hayat\u0131na devam edemedi. \ud83d\ude42 S\u00fcrekli geli\u015ftirme ve tamir etme d\u00fcrt\u00fcs\u00fc ile ya\u015fad\u0131m diyebilirim. En b\u00fcy\u00fck hayalimdi pilot olmak, ama olmad\u0131.<\/p>\n\n\n\n<p>\u0130kinci planda Elektronik m\u00fchendisi olmay\u0131 \u00e7ok istiyordum. \u00dcniversite y\u0131llar\u0131nda Bilgisayar teknolojisinin yayg\u0131nla\u015fmas\u0131 ve bilgisayar teknolojilerin Elektroni\u011fi kapsayaca\u011f\u0131 fikrine inanmaya ba\u015flam\u0131\u015ft\u0131m.<\/p>\n\n\n\n<p>Daha \u00fcst\u00fc varken alt bir teknolojide, kalamazd\u0131m hemen karar\u0131m\u0131 de\u011fi\u015ftirdim. Bilgisayara y\u00f6neldim. Meslek se\u00e7imim i\u015fte b\u00f6yle ba\u015flad\u0131 , okul vs. derken i\u015f hayat\u0131nda Bilgisayar \u00fczerine farkl\u0131 deneyimler edindim. 1996 y\u0131l\u0131ndan beri bir \u015fekilde Bilgisayar d\u00fcnyas\u0131 i\u00e7indeyim. Yaz\u0131l\u0131m ve Donan\u0131m &#8216;\u0131n ayr\u0131lmaz bir b\u00fct\u00fcn ve ikisinin de bir arada bilinmesi gerekti\u011fi fikrini devam ettirmeye \u00e7al\u0131\u015f\u0131yorum.<\/p>\n\n\n\n<p>Halen \u00f6zel bir firma da Bili\u015fim Sekt\u00f6r\u00fc ile ilgili SAP ERP sistemleri ve projeleri \u00fczerine \u00e7al\u0131\u015fmaktay\u0131m. Bakal\u0131m yolun sonu nereye kadar &#8230;.<\/p>\n\n\n\n<p>Amat\u00f6r Telsicilik,&nbsp; U\u00e7ak teknolojileri ile ayr\u0131ca ilgilenmekteyim.<\/p>\n\n\n\n<p>\u00c7a\u011fr\u0131 Kodum : <strong>TA1HKB<\/strong><\/p>\n\n\n\n<figure class=\"wp-block-embed is-type-video is-provider-youtube wp-block-embed-youtube wp-embed-aspect-16-9 wp-has-aspect-ratio\"><div class=\"wp-block-embed__wrapper\">\n<div class=\"post-video\"><iframe loading=\"lazy\" title=\"Burhan_07 - Payla\u015f\u0131mc\u0131 Teknoloji M\u00fchendisi\" width=\"1165\" height=\"655\" src=\"https:\/\/www.youtube.com\/embed\/EFS-l3s5u4w?wmode=transparent&#038;fs=1\"  allow=\"accelerometer; autoplay; clipboard-write; encrypted-media; gyroscope; picture-in-picture\" allowfullscreen><\/iframe><\/div>\n<\/div><\/figure>\n","protected":false},"excerpt":{"rendered":"<p>1982 y\u0131l\u0131nda \u0130stanbul &#8216;un nacizane semtlerinden olan Fatih , Cerrah Pa\u015fa T\u0131p Fak\u00fclte&#8217; sinde ak\u015fama do\u011fru 16:05 sular\u0131nda do\u011fdum. Uzun s\u00fcre Fatih Karag\u00fcmr\u00fck&#8217;te ikamet ettim. (1982-2000) ilk ve orta \u00f6\u011fretimini Atikali ve H\u0131rka-i \u015eerif \u0130lk \u00d6\u011fretim okullar\u0131nda tamamlad\u0131m. Do\u011fma b\u00fcy\u00fcme KARAG\u00dcMR\u00dcK l\u00fcy\u00fcm diyebiliriz..&nbsp; Tuttu\u011fum tak\u0131m \u015fampiyon FENERBAH\u00c7E &nbsp;\ud83d\ude42 dir. Her \u015fey deneme yan\u0131lma y\u00f6ntemiyle ba\u015flam\u0131\u015ft\u0131 [&hellip;]<\/p>\n","protected":false},"author":1,"featured_media":0,"parent":5,"menu_order":1,"comment_status":"open","ping_status":"open","template":"","meta":{"om_disable_all_campaigns":false,"_monsterinsights_skip_tracking":false,"_monsterinsights_sitenote_active":false,"_monsterinsights_sitenote_note":"","_monsterinsights_sitenote_category":0,"_uf_show_specific_survey":0,"_uf_disable_surveys":false,"footnotes":"","_links_to":"","_links_to_target":""},"class_list":["post-2649","page","type-page","status-publish","hentry","has-post-title","has-post-date","has-post-category","has-post-tag","has-post-comment","has-post-author",""],"aioseo_notices":[],"_links":{"self":[{"href":"https:\/\/www.karadere.com\/blog\/wp-json\/wp\/v2\/pages\/2649","targetHints":{"allow":["GET"]}}],"collection":[{"href":"https:\/\/www.karadere.com\/blog\/wp-json\/wp\/v2\/pages"}],"about":[{"href":"https:\/\/www.karadere.com\/blog\/wp-json\/wp\/v2\/types\/page"}],"author":[{"embeddable":true,"href":"https:\/\/www.karadere.com\/blog\/wp-json\/wp\/v2\/users\/1"}],"replies":[{"embeddable":true,"href":"https:\/\/www.karadere.com\/blog\/wp-json\/wp\/v2\/comments?post=2649"}],"version-history":[{"count":15,"href":"https:\/\/www.karadere.com\/blog\/wp-json\/wp\/v2\/pages\/2649\/revisions"}],"predecessor-version":[{"id":7779,"href":"https:\/\/www.karadere.com\/blog\/wp-json\/wp\/v2\/pages\/2649\/revisions\/7779"}],"up":[{"embeddable":true,"href":"https:\/\/www.karadere.com\/blog\/wp-json\/wp\/v2\/pages\/5"}],"wp:attachment":[{"href":"https:\/\/www.karadere.com\/blog\/wp-json\/wp\/v2\/media?parent=2649"}],"curies":[{"name":"wp","href":"https:\/\/api.w.org\/{rel}","templated":true}]}}